= -i**2 - 8*i + 48. Calculate j(-12).
0
Let c(v) = -2*v**2 + 3*v + 33. Give c(-4).
-11
Let d(b) = -25*b + 4. Calculate d(2).
-46
Let g(s) = 60*s**2 - 4*s + 3. Calculate g(1).
59
Let z(x) = -2*x**3 - 5*x**2 - 3*x + 6. Calculate z(0).
6
Let g(t) = t**2 - t - 20. Give g(0).
-20
Let m(l) = l**3 - 7. What is m(0)?
-7
Let f(y) = y**2 + 10*y - 502. Give f(-28).
2
Let m(f) = 18*f. What is m(-1)?
-18
Let n(v) = v**3 + 19*v**2 + 17*v - 16. Give n(-18).
2
Let y(g) = 5*g**3 - g**2 - g - 1. Determine y(-1).
-6
Let m(z) = -z**2 - 4*z - 2. Calculate m(-6).
-14
Let k(t) = t**3 - 3*t**2 - 2*t - 2. Give k(4).
6
Let u(q) = -q - 5. What is u(-9)?
4
Let l(f) = f + 3. Calculate l(4).
7
Let p(n) = 25*n - 621. Calculate p(25).
4
Let i(j) = -17*j - 38. Calculate i(-7).
81
Let n(u) = u**2 - 5*u - 10. Give n(8).
14
Let d(r) = -3*r**3 + 22*r**2 - 11*r - 14. Give d(7).
-42
Let w(f) = -3*f - 45. What is w(-13)?
-6
Let j(k) = -3*k - 14. Give j(-6).
4
Let k(a) = a + 41. Determine k(-20).
21
Let t(q) = -q**2 - 7*q - 14. Determine t(-7).
-14
Let m(k) = -k**2 - 14*k - 53. Calculate m(-6).
-5
Let z(d) = -5*d - 79. What is z(-17)?
6
Let f(j) = 4*j - 3. Calculate f(3).
9
Let q(r) = -r**2 - 4*r - 2. What is q(-2)?
2
Let h(k) = 14*k**3 + 2*k**2 + 4*k + 4. Give h(-2).
-108
Let g(y) = y**2 - 2*y - 1. Calculate g(3).
2
Let s(o) = -4*o - 9. Determine s(-6).
15
Let k(h) = -12*h - 29. What is k(-3)?
7
Let y(s) = -2*s. Give y(7).
-14
Let v(u) = -u**2 - 9*u - 12. Give v(-8).
-4
Let z(u) = 10*u. What is z(-6)?
-60
Let h(k) = 29*k. Calculate h(1).
29
Let y(s) = s**2 - 17*s + 64. Determine y(9).
-8
Let o(b) = -b**2 - 35*b - 309. Give o(-20).
-9
Let p(i) = -i**2 - 1. Give p(6).
-37
Let r(v) = 24*v - 7. Give r(1).
17
Let n(h) = h**2 + 6*h - 21. Determine n(4).
19
Let i(o) = 4*o**2 - 20*o - 14. What is i(9)?
130
Let s(n) = -n**2 + 22*n - 72. Calculate s(5).
13
Let b(f) = 2*f + 5. Calculate b(-2).
1
Let w(x) = 2*x**3 + 14*x**2 + 7*x + 6. What is w(-7)?
-43
Let f(y) = y**3 - 14*y**2 + 12*y + 16. What is f(13)?
3
Let o(f) = 27*f + 135. What is o(-5)?
0
Let q(m) = m**3 - m**2 - 23. Calculate q(0).
-23
Let i(h) = -3*h - 4. What is i(9)?
-31
Let r(l) = -3*l + 39. What is r(12)?
3
Let x(p) = p**2 - 16*p - 4. Determine x(16).
-4
Let w(j) = -j**3 - 5*j**2 + 7*j - 24. Give w(-6).
-30
Let r(w) = w**2 + 4*w - 22. Give r(-9).
23
Let f(k) = k**3 + 4*k**2 - 2*k - 3. Determine f(-4).
5
Let t(m) = -m**3 + 4*m**2 + 6*m - 5. What is t(5)?
0
Let b(s) = -3*s + 4. Calculate b(0).
4
Let o(c) = -c**3 - 7*c**2 - 11*c - 26. Determine o(-6).
4
Let n(u) = 4*u + 14. Calculate n(-4).
-2
Let l(g) = g. Calculate l(6).
6
Let u(x) = x + 62. What is u(-43)?
19
Let v(r) = -3*r**2 - 17*r - 19. Determine v(-7).
-47
Let s(p) = 206*p + 1235. What is s(-6)?
-1
Let d(x) = -148*x**2 - 888*x - 1. Determine d(-6).
-1
Let b(z) = 6*z**2 - 2*z - 1. What is b(2)?
19
Let t(a) = -a**3 - 19*a**2 + 17*a + 11. What is t(-20)?
71
Let j(g) = -g**3 + g**2 - 2*g - 1. Calculate j(2).
-9
Let y(z) = -28*z + 227. What is y(8)?
3
Let d(l) = -177*l + 1952. Determine d(11).
5
Let o(b) = b**2 - 20*b + 3. Determine o(19).
-16
Let y(i) = -i**3 - 8*i**2 + 9*i - 11. What is y(-9)?
-11
Let t(u) = u**2 - 25*u + 65. Give t(22).
-1
Let a(l) = 144*l**2 + 5*l - 2. Calculate a(1).
147
Let l(z) = z**3 + 9*z**2 + 11*z + 1. What is l(-8)?
-23
Let p(y) = -y**2 - 12*y + 6. Calculate p(-11).
17
Let v(c) = -3*c + 12. Determine v(-4).
24
Let z(x) = x**3 + x**2 - x + 2. What is z(-3)?
-13
Let m(q) = q**2 + 6*q + 29. Calculate m(-5).
24
Let k(m) = 2*m**2 + 3*m + 8. Determine k(-4).
28
Let b(l) = -l**3 - 3*l**2 - 2*l. What is b(-2)?
0
Let q(f) = -f**3 - 11*f**2 - 15*f - 15. What is q(-10)?
35
Let w(c) = 8*c**2 + c + 7. Determine w(3).
82
Let u(a) = 2*a**2 - 4*a + 2. Give u(2).
2
Let q(a) = 2*a - 10. Give q(5).
0
Let q(v) = v**3 - 7*v**2 - 6*v - 11. What is q(8)?
5
Let f(q) = -2*q - 20. Determine f(-6).
-8
Let u(x) = 2*x**2 + 57*x - 13. What is u(-29)?
16
Let t(h) = -86*h**3 + h + 1. Give t(-1).
86
Let r(j) = -j**2 + 7*j - 5. Give r(5).
5
Let o(p) = -6*p**2 - p + 11. Give o(3).
-46
Let i(z) = 37*z**2 + 22*z + 22. Give i(-1).
37
Let g(x) = 6*x**3 - 6*x**2 + 5*x - 2. Calculate g(2).
32
Let j(p) = -33*p - 349. Determine j(-11).
14
Let r(f) = -f**3 + 7*f**2 + 4*f - 12. Calculate r(7).
16
Let u(w) = 2*w**3 - 19*w**2 - 33*w + 5. Determine u(11).
5
Let z(l) = -l**2 + 6*l + 8. Determine z(10).
-32
Let k(l) = 3*l**2 + 2*l - 1. Calculate k(-4).
39
Let i(q) = -q**2 - 18*q + 6. Give i(-18).
6
Let r(d) = 39*d - 108. Give r(3).
9
Let z(t) = t. Give z(-6).
-6
Let c(k) = 7*k - 13. Give c(3).
8
Let z(d) = -d**3 - 3*d**2 + 7*d + 7. Calculate z(-4).
-5
Let v(k) = -47*k - 2. What is v(-1)?
45
Let l(c) = 2*c - 6. Give l(-3).
-12
Let j(k) = -6*k**2 + 48*k + 6. Calculate j(8).
6
Let a(f) = -2*f**2 - 6*f + 25. Calculate a(3).
-11
Let g(p) = 8*p + 116. Give g(-14).
4
Let w(t) = 10*t - 36. Give w(-11).
-146
Let y(u) = 5*u. What is y(11)?
55
Let w(c) = -7*c**3. Calculate w(1).
-7
Let u(i) = i**3 - 11*i**2 - 13*i + 11. Give u(12).
-1
Let w(y) = -30*y**2 + 1. Calculate w(1).
-29
Let s(z) = -4*z**3 - 19*z + 20. Calculate s(1).
-3
Let a(x) = -x + 7. What is a(-5)?
12
Let d(n) = -7*n. Give d(3).
-21
Let n(l) = l**3 - l**2 - l + 21. Give n(0).
21
Let b(m) = 3*m + 4. Determine b(2).
10
Let j(d) = -2*d - 40. What is j(-17)?
-6
Let u(w) = 3*w + 37. Determine u(-15).
-8
Let d(a) = -a**2 + 9*a - 15. Calculate d(6).
3
Let a(f) = f**2 - 25*f + 35. What is a(25)?
35
Let y(k) = 20*k + 215. Give y(-11).
-5
Let f(w) = w**3 + 8*w**2 + 8*w + 22. Calculate f(-8).
-42
Let t(s) = -12*s + 5. What is t(0)?
5
Let r(u) = 36*u - 241. Determine r(7).
11
Let c(x) = 3*x**3 - x**2 - 2*x. What is c(-2)?
-24
Let s(l) = -12*l**2 + 2. Determine s(2).
-46
Let l(g) = -2*g**3 - 18*g**2 - 2*g - 34. What is l(-9)?
-16
Let r(a) = -a**2 - 8*a + 5. Determine r(-9).
-4
Let u(y) = y**3 - 9*y**2 + 4*y + 8. Calculate u(8).
-24
Let n(u) = u**3 + 35*u**2 - 38*u - 73. Determine n(-36).
-1
Let v(p) = p**2 + 21*p + 111. Determine v(-11).
1
Let s(t) = -4*t**2 - 4*t - 2. What is s(-2)?
-10
Let x(n) = 4*n**2 + 75*n - 18. What is x(-19)?
1
Let k(h) = h - 11. Determine k(5).
-6
Let o(l) = l**2 + 12*l + 18. Determine o(-10).
-2
Let w(s) = 5*s**2 - 32*s + 4. Give w(6).
-8
Let f(x) = -x - 8. Determine f(12).
-20
Let q(y) = y**3 - 6*y**2 - 7*y + 4. Calculate q(4).
-56
Let y(f) = f**3 + 20*f**2 + 20*f + 13. What is y(-19)?
-6
Let o(t) = t**3 - 7*t**2 + 5*t - 3. What is o(7)?
32
Let w(h) = -15*h + 33. Give w(3).
-12
Let a(u) = -2*u**3 + 29*u**2 - 15*u + 6. Give a(14).
-8
Let c(p) = 2*p - 42. Calculate c(17).
-8
Let p(f) = f + 39. Calculate p(-21).
18
Let a(h) = 13*h**2 + 116*h + 15. Calculate a(-9).
24
Let a(w) = w**2 + 66*w + 825. What is a(-17)?
-8
Let x(p) = -p + 10. Give x(-12).
22
Let o(s) = 3*s**2 + 6*s - 4. What is o(-3)?
5
Let g(q) = -q + 83. Determine g(72).
11
Let z(g) = g**2 - 11*g + 18. Determine z(10).
8
Let b(p) = 17*p**2 + p + 1. What is b(-1)?
17
Let s(o) = 15*o - 113. Give s(7).
-8
Let b(w) = 6*w**2 + 8*w - 3. Give b(-3).
27
Let j(t) = 7*t + 4. Give j(-3).
-17
Let u(i) = 2*i**2 - 9*i - 12. Calculate u(5).
-7
Let a(o) = 7*o**2. Determine a(1).
7
Let s(y) = -31*y + 93. Calculate s(3).
0
Let f(s) = s - 5. Calculate f(-11).
-16
Let a(l) = l**3 + l**2 + 2*l - 47. Give a(0).
-47
Let w(l) = -l**3 - 10*l**2 + 10*l - 10. Give w(-11).
1
Let q(h) = h**3 - 9*h**2 + 7*h + 1. Give q(8).
-7
Let u(r) = -2*r**3 + r**2 + 97*r - 4. Determine u(0).
-4
Let k(l) = -l**3 - 12*l**2 - 32*l - 5. Calculate k(-5).
-20
Let f(a) = -2*a**2 + 3*a + 1. What is f(-1)?
-4
Let j(h) = h**2 + 2*h + 3. Determine j(-2).
3
Let a(b) = 6*b - 8. Calculate a(6).
28
Let n(u) = -2*u - 4. Calculate n(-2).
0
Let o(p) = -p + 8. Give o(14).
-6
Let w(j) = -j**2 - 24*j - 26. Calculate w(-23).
-3
Let c(z) = z + 21. Calculate c(10).
31
Let n(w) = w**2 - 8*w + 11. Give n(4).
-5
Let a(l) = 5*l + 75. Calculate a(-15).
0
Let l(q) = -q + 7. Give l(10).
-3
Let k(m) = -20*m - 9. Give k(3).
-69
Let q(o) = -o**3 - 6*o**2 - 4*o. Give q(-4).
-16
Let h(m) = 12*m**2 - 10*m - 10. Calculate h(-3).
128
Let f(d) = d**3 + 6*d**2 - 13*d + 15. Give f(-8).
-9
Let m(v) = -v**3 - 3*v**2 + v - 5. Determine m(-4).
7
Let s(x) = -x**3 - 2*x**2 + x + 2. Give s(-2).
0
Let g(w) = -w**3 + 2*w**2 - w - 5. Determine g(-2).
13
Let j(n) =